pose -4*m - r = -84719, -5101 = -4*m + 4*r + 79603. What is the units digit of m?
9
Let h = 47 - -7623. What is the hundreds digit of h?
6
Let f(i) = i**2 + 41*i + 40. Let q be f(-49). Let m = 1009 - q. What is the tens digit of m?
7
Suppose 0 = -3*g + 4*s + 66 + 361, -g - s + 154 = 0. Suppose 14*j - 176 = 3*w + 13*j, -4*w + 5*j - 253 = 0. Let m = w + g. What is the units digit of m?
2
What is the ten thousands digit of (-26)/(-455)*5 + 359378/7 + -2?
5
Let m = -110 - -55. Let l be 42*(m/15 - -4). Suppose l = r - 2*u, -r - 4*u + 4 - 2 = 0. What is the tens digit of r?
1
Suppose -13*u - 1740 = -11789. What is the hundreds digit of u?
7
Let k be ((-4)/(-14))/(9/63). Suppose -x - 63 = -2*v, -k*x + 11 - 1 = 0. Let l = v - -48. What is the tens digit of l?
8
Let c be (25/100)/(1 + 294/(-296)). Suppose c*t = 43539 + 29203. What is the thousands digit of t?
1
Suppose -3*h + 0*h = -9. Let j(c) = c**2 - 8*c + 20*c**h + 2 + 5*c - 22*c**3. What is the tens digit of j(-2)?
2
Let w(x) be the second derivative of 13/12*x**4 - 5*x**2 + 25*x + 1/2*x**3 + 0. What is the units digit of w(2)?
8
Let z(w) = 2*w - 42. Let l(u) = -2*u + 1. Let f(b) = 20*l(b) + 2*z(b). What is the units digit of f(-3)?
4
Suppose 0 = -4*r + 153 - 45. Suppose -5*l + r = 32. What is the hundreds digit of 10/5 - (-96 + l) - -3?
1
Let w(n) = n**2 + n - 1. Let h(f) = -6*f**2 + 35*f - 27. Let q(s) = h(s) + 5*w(s). What is the hundreds digit of q(34)?
1
Suppose 3*s - 2292 = -m + 1878, -5*m - 2780 = -2*s. Let b = 2320 - s. Suppose b = 8*h - 2*h. What is the hundreds digit of h?
1
Suppose -2*y + 88505 = 3*t, -5*t + 21 = 6. What is the hundreds digit of y?
2
Suppose 1930994 = 54*b + 143*b. What is the tens digit of b?
0
Suppose y = 6, -52095 + 192579 = 5*b + 4*y. What is the thousands digit of b?
8
Suppose 34*t + 38*t = 18475 + 3989. What is the units digit of t?
2
Suppose -2*w + 39 = 7. Let b be (-4 - 96)*w/(-20). What is the units digit of -1 + b/2 + 8/4?
1
Let b(j) = -261*j - 2843. What is the tens digit of b(-64)?
6
Let i(x) = -6*x**2 + 1192*x - 7. What is the thousands digit of i(172)?
7
Suppose -394*c = 5*v - 399*c - 1895, 2*v + 2*c = 770. What is the hundreds digit of v?
3
Let x be ((-12)/(-36))/((-1)/279). Let c = 99 + x. Suppose -c*a = 26 - 140. What is the tens digit of a?
1
Let q = -66 - -37. Let c = q + -44. Let t = c + 166. What is the tens digit of t?
9
Suppose 4*v + 10165 = -5*z + 75781, 5*z - 82015 = -5*v. What is the units digit of v?
9
Let r = 8975 - 1067. What is the thousands digit of r?
7
Suppose 0 = 85*t - 75*t - 52300. Suppose -9*u = -14*u + t. What is the thousands digit of u?
1
Let y(a) = a**3 - 13*a**2 - 33*a + 28. Let p be y(15). Let o(w) = -12*w + 5. What is the units digit of o(p)?
9
Suppose 4859 + 10910 = 4*f + 5*c, -3946 = -f - 5*c. Suppose 10*x - 17*x = -f. What is the hundreds digit of x?
5
Suppose 133*y - 170419 = 303593. What is the hundreds digit of y?
5
Suppose 3*v = v + 4. Let g(d) = d**3 - d**2 + 2*d. Let a be g(v). What is the units digit of a*2*3/6?
8
Let g(n) = -2*n**3 - 3*n**2 - 2*n - 3. Let s be g(-2). Suppose s*d - 76 = -q, -270 = -5*q - 6*d + 3*d. Let o = -6 + q. What is the tens digit of o?
4
Let m be (-20)/8 + 33/(-6). Let f = m + 3. Let s(h) = h**2 - 6*h. What is the tens digit of s(f)?
5
Let n(a) be the third derivative of a**4/24 - 2*a**3/3 + 8*a**2. Let h be n(10). Let b(r) = r**3 - 5*r**2 + 13*r - 27. What is the units digit of b(h)?
7
Let u = -215 + 249. Suppose 3693 = 37*b - u*b - 3*n, 3*b = 4*n + 3696. What is the thousands digit of b?
1
Suppose 80 = a + 32. Suppose 5*i + a = 2*o - 179, 4*i + 5*o + 175 = 0. Let k = i + 64. What is the units digit of k?
9
Suppose 0*z - 6*z + 49606 = -37172. What is the ten thousands digit of z?
1
What is the hundreds digit of (-1775 + -9 + -12)*4*-2?
3
Suppose -5*n - 3416 = -9*n + 4*t, 0 = -5*n - 4*t + 4225. Let r = 1519 - n. What is the tens digit of r?
7
Let r(x) = -2 - 7*x + 6*x + 5*x**3 - x**2 + 1 + 2. What is the units digit of r(3)?
4
Let i(n) = 197*n - 34. Suppose -7 = -2*f + 7. What is the tens digit of i(f)?
4
Let s(a) = 157*a + 1003. What is the units digit of s(16)?
5
Let t(u) be the second derivative of 5*u**3 + 79*u**2 + 37*u. What is the tens digit of t(14)?
7
Suppose 5*c - 38 = 4*a, -2*a = 4*c - 17 - 3. Let m(b) = 7 + 46*b - 34*b - 4. What is the tens digit of m(c)?
7
Suppose -7*i = -4*f + 203057, i - 6721 = -f + 44024. What is the units digit of f?
2
Let q = -30 + 42. Suppose 7*l + q = 5*l. What is the tens digit of (35/(-15))/(1/l)?
1
Let m(j) = -11*j + 8. Let a be m(1). Let x(n) = 11*n + 40. What is the units digit of x(a)?
7
Suppose 5*j = -0*y - 2*y + 17, -2 = -2*j - 2*y. Suppose 4*h - 1030 = -j*c, 3*c - 618 = 4*h - 2*h. What is the units digit of 1/(((-8)/c)/(-4))?
3
Suppose -4 = 48*k - 50*k, -403 = -5*z + k. Let q = 6 + -1. Suppose -z = -8*s + q*s. What is the tens digit of s?
2
Let m(l) = 2*l**2 + 20*l + 18. Let r be m(-11). Suppose -3*p + 5*w = -32, -4*w - r = -5*p + w. What is the hundreds digit of ((-143)/p)/((-14)/56)?
1
Let h(i) be the first derivative of 89*i**3/3 + 5*i**2 + 34*i + 5. What is the units digit of h(-4)?
8
Let r(s) = -3*s**2 - 12*s + 61. Let q be r(-14). Let b = q - -702. What is the units digit of b?
3
Suppose 4*a - 19588 = 7*q - 11*q, -2*a - 5*q = -9785. What is the units digit of a?
0
Let l(q) = 117*q**2 + 12*q + 20. Let b = 658 - 661. What is the thousands digit of l(b)?
1
Let b = 19213 - 11079. What is the units digit of b?
4
Suppose 6*u = 85535 - 15719. What is the ten thousands digit of u?
1
Suppose 2*f = 4*f - 4*j + 4, -3*f + 2*j = -6. Suppose q + f*u + 92 = 4*q, 3 = 3*u. Suppose 27*v - q*v = -635. What is the hundreds digit of v?
1
Let f(o) = -9*o**3 + 2*o**2 - 5*o - 19. Suppose -20 = 4*c - 2*b, -4*c - 4*b = -7 + 27. What is the hundreds digit of f(c)?
1
Let i = -302 - -4722. What is the thousands digit of i?
4
Suppose t = -3*t - 2*z + 169640, 3*t = 4*z + 127274. What is the units digit of t?
4
Let c be (-35)/14 + 4/8. Let p be (3 - (5 + -1 - -93))*c. Let r = -79 + p. What is the hundreds digit of r?
1
Suppose -12*t + 13*t = 3. Suppose -t*q + 1911 = 4*q. What is the units digit of q?
3
Let b = 62882 - 1235. What is the units digit of b?
7
Let j = 1577 + -830. What is the hundreds digit of (34/(-51))/((-2)/j)?
2
Let g(o) = 99 - 65 + 90 - 6*o. What is the units digit of g(-36)?
0
Suppose 96235 = 5*j - 83*h + 88*h, j - 19253 = 5*h. What is the tens digit of j?
4
Let z = 221 - 222. What is the tens digit of 0 + 0 + 2 - (-388 + z)?
9
Suppose -2629704 = -822*a + 734*a. What is the tens digit of a?
8
Suppose 2703 = 11*t - 1851. Let d = 805 - t. What is the tens digit of d?
9
Let q be 1 - ((-67041)/63 + 1/7). Let c be 211 + 2 + 1 + 1. Suppose -c = 5*i - q. What is the hundreds digit of i?
1
Suppose 12*b + 4*w = 15*b - 402, 2*b + w = 268. What is the hundreds digit of b/3*((-30)/(-5) - 3)?
1
Let j(a) = a**2 + 3 - 3 + 2*a - 1 - 1. Let d be j(2). What is the tens digit of (-4 - 1184/12)*d/(-4)?
5
What is the hundreds digit of (4/((-32)/12))/(13/(-88010))?
1
Let t be (-3)/((-3258)/1084 - -3). Suppose -1568 - t = -5*m. Suppose 5*c - m = 3*h, 4*h - 5 = -21. What is the tens digit of c?
8
Let v be -1 + 76258/18 - (-28)/63. Suppose -3*s + v = 5*f, 844 = f - 12*s + 11*s. What is the tens digit of f?
4
Let u = 48 + -44. Suppose 0*z + u = z. What is the units digit of 7 - z*15/20?
4
Suppose -2*t + 13 - 19 = 0. What is the units digit of (-111)/t + -5 + (-2)/(-1)?
4
Suppose 5*v + 1076 = -5*d - 154, 0 = -5*d - 4*v - 1234. Let t be 479 + (-1 - -6) + -8 + -2. Let z = t + d. What is the tens digit of z?
2
Let z be -1*6/(-21) - (-420)/(-98). Suppose -316 - 122 = 3*f. What is the units digit of (-2 + 6)/(z/f)?
6
Suppose 2*w = 5*l + 33, -l - 24 = -w + 3*l. Let y be w - ((-8)/(-4) + 2). Suppose 37*h - 33*h - 384 = y. What is the units digit of h?
6
Let o = -74 - -69. Let h(d) = 25*d - 7. Let b be h(o). Let p = 215 + b. What is the tens digit of p?
8
Let w(i) be the first derivative of -12*i - 1/2*i**2 + 8/3*i**3 - 28. What is the tens digit of w(5)?
8
Let i(a) = 5*a**3 + 17*a**2 + 6*a - 13. Suppose -40*v = -39*v + 11. Let r be i(v). What is the tens digit of 2/(-9) + r/(-27)?
7
Let y(n) = 591*n**2 + 2*n. Suppose 3*w + 10 = 8*w. Let i be y(w). What is the tens digit of 3/((-8)/(i/